{"id":12866,"date":"2010-03-30T22:44:25","date_gmt":"2010-03-31T01:44:25","guid":{"rendered":"http:\/\/projetocineb.com.br\/wp-content\/uploads\/2010\/03\/ideal01-3.jpg"},"modified":"2010-03-30T22:44:25","modified_gmt":"2010-03-31T01:44:25","slug":"ideal01-2","status":"inherit","type":"attachment","link":"https:\/\/projetocineb.com.br\/?attachment_id=12866","title":{"rendered":"Na foto, Lucia Dulce Diesel Proc\u00f3pio e Ot\u00e1vio Florencio, que nunca tinha ido ao cinema at\u00e9 hoje, e entre eles, Franscisco Umberto Prol\u00fadio, vice-presidente da associa\u00e7\u00e3o, que &#8220;h\u00e1 muito tempo n\u00e3o ia num cinema&#8221;"},"author":2,"comment_status":"open","ping_status":"open","template":"","meta":[],"description":{"rendered":"<p class=\"attachment\"><a href='https:\/\/projetocineb.com.br\/wp-content\/uploads\/2010\/03\/ideal01-3.jpg'><img fetchpriority=\"high\" width=\"199\" height=\"300\" src=\"https:\/\/projetocineb.com.br\/wp-content\/uploads\/2010\/03\/ideal01-3-199x300.jpg\" class=\"attachment-medium size-medium\" alt=\"Na foto, Lucia Dulce Diesel Proc\u00f3pio e Ot\u00e1vio Florencio, que nunca tinha ido ao cinema at\u00e9 hoje, e entre eles, Franscisco Umberto Prol\u00fadio, vice-presidente da associa\u00e7\u00e3o, que &quot;h\u00e1 muito tempo n\u00e3o ia num cinema&quot;\" decoding=\"async\" srcset=\"https:\/\/projetocineb.com.br\/wp-content\/uploads\/2010\/03\/ideal01-3-199x300.jpg 199w, https:\/\/projetocineb.com.br\/wp-content\/uploads\/2010\/03\/ideal01-3-768x1155.jpg 768w, https:\/\/projetocineb.com.br\/wp-content\/uploads\/2010\/03\/ideal01-3-681x1024.jpg 681w, https:\/\/projetocineb.com.br\/wp-content\/uploads\/2010\/03\/ideal01-3.jpg 2000w\" sizes=\"(max-width: 199px) 100vw, 199px\" \/><\/a><\/p>\n<p>Na foto, Lucia Dulce Diesel Proc\u00f3pio e Ot\u00e1vio Florencio, que nunca tinha ido ao cinema at\u00e9 hoje, e entre eles, Franscisco Umberto Prol\u00fadio, vice-presidente da associa\u00e7\u00e3o, que &#8220;h\u00e1 muito tempo n\u00e3o ia num cinema&#8221;<\/p>\n"},"caption":{"rendered":"<p>Na foto, Lucia Dulce Diesel Proc\u00f3pio e Ot\u00e1vio Florencio, que nunca tinha ido ao cinema at\u00e9 hoje, e entre eles, Franscisco Umberto Prol\u00fadio, vice-presidente da associa\u00e7\u00e3o, que &#8220;h\u00e1 muito tempo n\u00e3o ia num cinema&#8221;<\/p>\n"},"alt_text":"Na foto, Lucia Dulce Diesel Proc\u00f3pio e Ot\u00e1vio Florencio, que nunca tinha ido ao cinema at\u00e9 hoje, e entre eles, Franscisco Umberto Prol\u00fadio, vice-presidente da associa\u00e7\u00e3o, que \"h\u00e1 muito tempo n\u00e3o ia num cinema\"","media_type":"image","mime_type":"image\/jpeg","media_details":{"width":2000,"height":3008,"file":"2010\/03\/ideal01-3.jpg","sizes":{"thumbnail":{"file":"ideal01-3-150x150.jpg","width":150,"height":150,"mime_type":"image\/jpeg","source_url":"https:\/\/projetocineb.com.br\/wp-content\/uploads\/2010\/03\/ideal01-3-150x150.jpg"},"medium":{"file":"ideal01-3-199x300.jpg","width":199,"height":300,"mime_type":"image\/jpeg","source_url":"https:\/\/projetocineb.com.br\/wp-content\/uploads\/2010\/03\/ideal01-3-199x300.jpg"},"medium_large":{"file":"ideal01-3-768x1155.jpg","width":768,"height":1155,"mime_type":"image\/jpeg","source_url":"https:\/\/projetocineb.com.br\/wp-content\/uploads\/2010\/03\/ideal01-3-768x1155.jpg"},"large":{"file":"ideal01-3-681x1024.jpg","width":681,"height":1024,"mime_type":"image\/jpeg","source_url":"https:\/\/projetocineb.com.br\/wp-content\/uploads\/2010\/03\/ideal01-3-681x1024.jpg"},"twentyseventeen-featured-image":{"file":"ideal01-3-2000x1200.jpg","width":2000,"height":1200,"mime_type":"image\/jpeg","source_url":"https:\/\/projetocineb.com.br\/wp-content\/uploads\/2010\/03\/ideal01-3-2000x1200.jpg"},"twentyseventeen-thumbnail-avatar":{"file":"ideal01-3-100x100.jpg","width":100,"height":100,"mime_type":"image\/jpeg","source_url":"https:\/\/projetocineb.com.br\/wp-content\/uploads\/2010\/03\/ideal01-3-100x100.jpg"},"full":{"file":"ideal01-3.jpg","width":2000,"height":3008,"mime_type":"image\/jpeg","source_url":"https:\/\/projetocineb.com.br\/wp-content\/uploads\/2010\/03\/ideal01-3.jpg"}},"image_meta":{"aperture":"3.5","credit":"","camera":"NIKON D40","caption":"","created_timestamp":"1269727463","copyright":"","focal_length":"18","iso":"400","shutter_speed":"0.016666666666667","title":"","orientation":"1","keywords":[]}},"post":null,"source_url":"https:\/\/projetocineb.com.br\/wp-content\/uploads\/2010\/03\/ideal01-3.jpg","_links":{"self":[{"href":"https:\/\/projetocineb.com.br\/index.php?rest_route=\/wp\/v2\/media\/12866"}],"collection":[{"href":"https:\/\/projetocineb.com.br\/index.php?rest_route=\/wp\/v2\/media"}],"about":[{"href":"https:\/\/projetocineb.com.br\/index.php?rest_route=\/wp\/v2\/types\/attachment"}],"author":[{"embeddable":true,"href":"https:\/\/projetocineb.com.br\/index.php?rest_route=\/wp\/v2\/users\/2"}],"replies":[{"embeddable":true,"href":"https:\/\/projetocineb.com.br\/index.php?rest_route=%2Fwp%2Fv2%2Fcomments&post=12866"}]}}

Na foto, Lucia Dulce Diesel Procópio e Otávio Florencio, que nunca tinha ido ao cinema até hoje, e entre eles, Franscisco Umberto Prolúdio, vice-presidente da associação, que &#8220;há muito tempo não ia num cinema&#8221;

<p class="attachment"><a href='https://projetocineb.com.br/wp-content/uploads/2010/03/ideal01-3.jpg'><img fetchpriority="high" width="199" height="300" src="https://projetocineb.com.br/wp-content/uploads/2010/03/ideal01-3-199x300.jpg" class="attachment-medium size-medium" alt="Na foto, Lucia Dulce Diesel Procópio e Otávio Florencio, que nunca tinha ido ao cinema até hoje, e entre eles, Franscisco Umberto Prolúdio, vice-presidente da associação, que &quot;há muito tempo não ia num cinema&quot;" decoding="async" srcset="https://projetocineb.com.br/wp-content/uploads/2010/03/ideal01-3-199x300.jpg 199w, https://projetocineb.com.br/wp-content/uploads/2010/03/ideal01-3-768x1155.jpg 768w, https://projetocineb.com.br/wp-content/uploads/2010/03/ideal01-3-681x1024.jpg 681w, https://projetocineb.com.br/wp-content/uploads/2010/03/ideal01-3.jpg 2000w" sizes="(max-width: 199px) 100vw, 199px" /></a></p>
<p>Na foto, Lucia Dulce Diesel Procópio e Otávio Florencio, que nunca tinha ido ao cinema até hoje, e entre eles, Franscisco Umberto Prolúdio, vice-presidente da associação, que &#8220;há muito tempo não ia num cinema&#8221;</p>

<p>Na foto, Lucia Dulce Diesel Procópio e Otávio Florencio, que nunca tinha ido ao cinema até hoje, e entre eles, Franscisco Umberto Prolúdio, vice-presidente da associação, que &#8220;há muito tempo não ia num cinema&#8221;</p>

Na foto, Lucia Dulce Diesel Procópio e Otávio Florencio, que nunca tinha ido ao cinema até hoje, e entre eles, Franscisco Umberto Prolúdio, vice-presidente da associação, que "há muito tempo não ia num cinema"
