{"id":12901,"date":"2011-08-18T18:45:49","date_gmt":"2011-08-18T21:45:49","guid":{"rendered":"http:\/\/projetocineb.com.br\/wp-content\/uploads\/2011\/08\/DSC02086_01web1-3.jpg"},"modified":"2011-08-18T18:45:49","modified_gmt":"2011-08-18T21:45:49","slug":"dsc02086_01web-2","status":"inherit","type":"attachment","link":"https:\/\/projetocineb.com.br\/?attachment_id=12901","title":{"rendered":"Kim Riccelli, filho de Bruna Lombardi e Carlos Alberto Riccelli recebe pr\u00eamio em homenagem aos pais, pelo filme &#8220;Signo da Cidade&#8221;. O casal est\u00e1 divulgando seu novo filme &#8220;Onde est\u00e1 a felicidade&#8221;, vencedor no Festival de Paul\u00ednia 2011, na escolha do p\u00fablico"},"author":2,"comment_status":"open","ping_status":"open","template":"","meta":[],"description":{"rendered":"<p class=\"attachment\"><a href='https:\/\/projetocineb.com.br\/wp-content\/uploads\/2011\/08\/DSC02086_01web1-3.jpg'><img fetchpriority=\"high\" width=\"300\" height=\"225\" src=\"https:\/\/projetocineb.com.br\/wp-content\/uploads\/2011\/08\/DSC02086_01web1-3-300x225.jpg\" class=\"attachment-medium size-medium\" alt=\"Kim Riccelli, filho de Bruna Lombardi e Carlos Alberto Riccelli recebe pr\u00eamio em homenagem aos pais, pelo filme &quot;Signo da Cidade&quot;. O casal est\u00e1 divulgando seu novo filme &quot;Onde est\u00e1 a felicidade&quot;, vencedor no Festival de Paul\u00ednia 2011, na escolha do p\u00fablico\" decoding=\"async\" srcset=\"https:\/\/projetocineb.com.br\/wp-content\/uploads\/2011\/08\/DSC02086_01web1-3-300x225.jpg 300w, https:\/\/projetocineb.com.br\/wp-content\/uploads\/2011\/08\/DSC02086_01web1-3-768x576.jpg 768w, https:\/\/projetocineb.com.br\/wp-content\/uploads\/2011\/08\/DSC02086_01web1-3.jpg 800w\" sizes=\"(max-width: 300px) 100vw, 300px\" \/><\/a><\/p>\n<p>Kim Riccelli, filho de Bruna Lombardi e Carlos Alberto Riccelli recebe pr\u00eamio em homenagem aos pais, pelo filme &#8220;Signo da Cidade&#8221;. O casal est\u00e1 divulgando seu novo filme &#8220;Onde est\u00e1 a felicidade&#8221;, vencedor no Festival de Paul\u00ednia 2011, na escolha do p\u00fablico<\/p>\n"},"caption":{"rendered":"<p>Kim Riccelli, filho de Bruna Lombardi e Carlos Alberto Riccelli recebe pr\u00eamio em homenagem aos pais, pelo filme &#8220;Signo da Cidade&#8221;. O casal est\u00e1 divulgando seu novo filme &#8220;Onde est\u00e1 a felicidade&#8221;, vencedor no Festival de Paul\u00ednia 2011, na escolha do p\u00fablico<\/p>\n"},"alt_text":"Kim Riccelli, filho de Bruna Lombardi e Carlos Alberto Riccelli recebe pr\u00eamio em homenagem aos pais, pelo filme \"Signo da Cidade\". O casal est\u00e1 divulgando seu novo filme \"Onde est\u00e1 a felicidade\", vencedor no Festival de Paul\u00ednia 2011, na escolha do p\u00fablico","media_type":"image","mime_type":"image\/jpeg","media_details":{"width":800,"height":600,"file":"2011\/08\/DSC02086_01web1-3.jpg","sizes":{"thumbnail":{"file":"DSC02086_01web1-3-150x150.jpg","width":150,"height":150,"mime_type":"image\/jpeg","source_url":"https:\/\/projetocineb.com.br\/wp-content\/uploads\/2011\/08\/DSC02086_01web1-3-150x150.jpg"},"medium":{"file":"DSC02086_01web1-3-300x225.jpg","width":300,"height":225,"mime_type":"image\/jpeg","source_url":"https:\/\/projetocineb.com.br\/wp-content\/uploads\/2011\/08\/DSC02086_01web1-3-300x225.jpg"},"medium_large":{"file":"DSC02086_01web1-3-768x576.jpg","width":768,"height":576,"mime_type":"image\/jpeg","source_url":"https:\/\/projetocineb.com.br\/wp-content\/uploads\/2011\/08\/DSC02086_01web1-3-768x576.jpg"},"twentyseventeen-thumbnail-avatar":{"file":"DSC02086_01web1-3-100x100.jpg","width":100,"height":100,"mime_type":"image\/jpeg","source_url":"https:\/\/projetocineb.com.br\/wp-content\/uploads\/2011\/08\/DSC02086_01web1-3-100x100.jpg"},"full":{"file":"DSC02086_01web1-3.jpg","width":800,"height":600,"mime_type":"image\/jpeg","source_url":"https:\/\/projetocineb.com.br\/wp-content\/uploads\/2011\/08\/DSC02086_01web1-3.jpg"}},"image_meta":{"aperture":"0","credit":"","camera":"","caption":"","created_timestamp":"0","copyright":"","focal_length":"0","iso":"0","shutter_speed":"0","title":"","orientation":"0","keywords":[]}},"post":null,"source_url":"https:\/\/projetocineb.com.br\/wp-content\/uploads\/2011\/08\/DSC02086_01web1-3.jpg","_links":{"self":[{"href":"https:\/\/projetocineb.com.br\/index.php?rest_route=\/wp\/v2\/media\/12901"}],"collection":[{"href":"https:\/\/projetocineb.com.br\/index.php?rest_route=\/wp\/v2\/media"}],"about":[{"href":"https:\/\/projetocineb.com.br\/index.php?rest_route=\/wp\/v2\/types\/attachment"}],"author":[{"embeddable":true,"href":"https:\/\/projetocineb.com.br\/index.php?rest_route=\/wp\/v2\/users\/2"}],"replies":[{"embeddable":true,"href":"https:\/\/projetocineb.com.br\/index.php?rest_route=%2Fwp%2Fv2%2Fcomments&post=12901"}]}}

Kim Riccelli, filho de Bruna Lombardi e Carlos Alberto Riccelli recebe prêmio em homenagem aos pais, pelo filme &#8220;Signo da Cidade&#8221;. O casal está divulgando seu novo filme &#8220;Onde está a felicidade&#8221;, vencedor no Festival de Paulínia 2011, na escolha do público

<p class="attachment"><a href='https://projetocineb.com.br/wp-content/uploads/2011/08/DSC02086_01web1-3.jpg'><img fetchpriority="high" width="300" height="225" src="https://projetocineb.com.br/wp-content/uploads/2011/08/DSC02086_01web1-3-300x225.jpg" class="attachment-medium size-medium" alt="Kim Riccelli, filho de Bruna Lombardi e Carlos Alberto Riccelli recebe prêmio em homenagem aos pais, pelo filme &quot;Signo da Cidade&quot;. O casal está divulgando seu novo filme &quot;Onde está a felicidade&quot;, vencedor no Festival de Paulínia 2011, na escolha do público" decoding="async" srcset="https://projetocineb.com.br/wp-content/uploads/2011/08/DSC02086_01web1-3-300x225.jpg 300w, https://projetocineb.com.br/wp-content/uploads/2011/08/DSC02086_01web1-3-768x576.jpg 768w, https://projetocineb.com.br/wp-content/uploads/2011/08/DSC02086_01web1-3.jpg 800w" sizes="(max-width: 300px) 100vw, 300px" /></a></p>
<p>Kim Riccelli, filho de Bruna Lombardi e Carlos Alberto Riccelli recebe prêmio em homenagem aos pais, pelo filme &#8220;Signo da Cidade&#8221;. O casal está divulgando seu novo filme &#8220;Onde está a felicidade&#8221;, vencedor no Festival de Paulínia 2011, na escolha do público</p>

<p>Kim Riccelli, filho de Bruna Lombardi e Carlos Alberto Riccelli recebe prêmio em homenagem aos pais, pelo filme &#8220;Signo da Cidade&#8221;. O casal está divulgando seu novo filme &#8220;Onde está a felicidade&#8221;, vencedor no Festival de Paulínia 2011, na escolha do público</p>

Kim Riccelli, filho de Bruna Lombardi e Carlos Alberto Riccelli recebe prêmio em homenagem aos pais, pelo filme "Signo da Cidade". O casal está divulgando seu novo filme "Onde está a felicidade", vencedor no Festival de Paulínia 2011, na escolha do público
