{"id":5389,"date":"2013-07-17T02:00:28","date_gmt":"2013-07-17T05:00:28","guid":{"rendered":"http:\/\/projetocineb.com.br\/?page_id=5389"},"modified":"2025-09-22T22:44:10","modified_gmt":"2025-09-23T01:44:10","slug":"confira-as-sessoes-ja-realizadas-pelo-cineb-em-2013","status":"publish","type":"page","link":"https:\/\/projetocineb.com.br\/?page_id=5389","title":{"rendered":"Confira as sess\u00f5es realizadas em 2013"},"content":{"rendered":"<h3 data-start=\"176\" data-end=\"217\">CINEMA BRASILEIRO NO CIDADE ADHEMAR<\/h3>\n<p data-start=\"218\" data-end=\"487\">Exibi\u00e7\u00e3o do Filme: Pequenas Hist\u00f3rias<br data-start=\"255\" data-end=\"258\" \/>DATA: 30 DE NOVEMBRO \u2013 S\u00c1BADO-19:30HS<br data-start=\"295\" data-end=\"298\" \/>LOCAL: Escola Estadual Assis Chateaubriand<br data-start=\"340\" data-end=\"343\" \/>ENDERE\u00c7O: Rua Armando Gonzaga, 150, Jardim Niter\u00f3i, zona sul<br data-start=\"403\" data-end=\"406\" \/>RETIRADA DE CONVITE: Na secretaria da escola<br data-start=\"450\" data-end=\"453\" \/>ESPA\u00c7O CAPACIDADE : 200 pessoas<\/p>\n<h3 data-start=\"489\" data-end=\"528\">CINEMA BRASILEIRO NO MORRO GRANDE<\/h3>\n<p data-start=\"529\" data-end=\"769\">Exibi\u00e7\u00e3o do Filme : Pequenas Hist\u00f3rias<br data-start=\"567\" data-end=\"570\" \/>Data: Dia 29 DE NOVEMBRO \u2013 SEXTA-FEIRA 19:30<br data-start=\"615\" data-end=\"618\" \/>LOCAL: C.C.A Tijolinho \/ C.J. Morro Grande<br data-start=\"660\" data-end=\"663\" \/>ENDERE\u00c7O: Rua Afonso de Carvalho, 16<br data-start=\"699\" data-end=\"702\" \/>Retirada de convites falar com Renata<br data-start=\"741\" data-end=\"744\" \/>Espa\u00e7o para 200 pessoas<\/p>\n<h3 data-start=\"771\" data-end=\"827\">CINEMA BRASILEIRO NO TENDAL DA LAPA COM CINESOLAR<\/h3>\n<p data-start=\"828\" data-end=\"1157\">EXIBI\u00c7\u00c3O DO FILME : QUAL\u00c9 TEU NEG\u00d3CIO?<br data-start=\"866\" data-end=\"869\" \/>DIA : 24 DE NOVEMBRO\u2013DOMINGO \u2013 19:30HS<br data-start=\"908\" data-end=\"911\" \/>ENDERE\u00c7O : Rua Guaicurus, 1100 \u2013 Lapa (entrada pela Rua Constan\u00e7a, 072)<br data-start=\"982\" data-end=\"985\" \/>LOCAL : Espa\u00e7o Cultural Tendal da Lapa<br data-start=\"1023\" data-end=\"1026\" \/>PONTO DE REFERENCIA: ao lado da Subprefeitura da Lapa<br data-start=\"1079\" data-end=\"1082\" \/>RETIRADA DE CONVITES: Na secretaria do Tendal<br data-start=\"1128\" data-end=\"1131\" \/>ESPA\u00c7O PARA 200 PESSOAS<\/p>\n<h3 data-start=\"1159\" data-end=\"1193\">CINEMA BRASILEIRO NO JAGUAR\u00c9<\/h3>\n<p data-start=\"1194\" data-end=\"1449\">Exibi\u00e7\u00e3o do Filme: Xingu<br data-start=\"1218\" data-end=\"1221\" \/>DIA 13 DE NOVEMBRO -QUARTA-FEIRA -19HS<br data-start=\"1259\" data-end=\"1262\" \/>LOCAL : SAL\u00c3O DE FESTAS DA IGREJA S\u00c3O JOS\u00c9 DO JAGUAR\u00c9<br data-start=\"1315\" data-end=\"1318\" \/>ENDERE\u00c7O : RUA BARTOLOMEU DE RIBEIRA, 33, JAGUAR\u00c9, SP<br data-start=\"1371\" data-end=\"1374\" \/>RETIRADA DE CONVITES : NA SECRETARIA DA IGREJA, FALAR COM NEUZA OU SANDRA<\/p>\n<h3 data-start=\"1451\" data-end=\"1522\">CINEMA BRASILEIRO NA SEDE DO SINDICATO DOS BANC\u00c1RIOS DE S\u00c3O PAULO<\/h3>\n<p data-start=\"1523\" data-end=\"1820\">Exibi\u00e7\u00e3o do filme Ra\u00e7a<br data-start=\"1545\" data-end=\"1548\" \/>DIA 06 DE NOVEMBRO \u2013 QUARTA \u2013 FEIRA 19:30 HS<br data-start=\"1593\" data-end=\"1596\" \/>SESS\u00c3O ESPECIAL DO FILME : RA\u00c7A<br data-start=\"1627\" data-end=\"1630\" \/>ENDERE\u00c7O : RUA S\u00c3O BENTO, 413, CENTRO ED MARTINELLI, PR\u00d3XIMO AO METR\u00d4 S\u00c3O BENTO<br data-start=\"1710\" data-end=\"1713\" \/>RESERVAS DE CONVITES : COM Cid\u00e1lio \u2013 <a class=\"decorated-link cursor-pointer\" rel=\"noopener\" data-start=\"1751\" data-end=\"1774\">cidalio@brazucah.com.br<\/a><br data-start=\"1774\" data-end=\"1777\" \/>Espa\u00e7o para 80 pessoas, sujeito lota\u00e7\u00e3o<\/p>\n<h3 data-start=\"1822\" data-end=\"1859\">CINEMA BRASILEIRO NA VILA PIAUI<\/h3>\n<p data-start=\"1860\" data-end=\"2168\">Filme: Xingu<br data-start=\"1872\" data-end=\"1875\" \/>DIA 25 DE OUTUBRO \u2013 SEXTA FEIRA -19HS<br data-start=\"1912\" data-end=\"1915\" \/>LOCAL : SAL\u00c3O DA IGREJA NOSSA SENHORA APARECIDA<br data-start=\"1962\" data-end=\"1965\" \/>ENDERE\u00c7O : RUA NILVA, 324, VILA PIAU\u00cd<br data-start=\"2002\" data-end=\"2005\" \/>RETIRADA DE CONVITES NA SECRETARIA DA IGREJA OU NA FESTA DAS NA\u00c7\u00d5ES DIAS 19 e 20 na barraca do Projeto CINE B QUE SER\u00c1 EM FRENTE \u00c0 IGREJA NOSSA SENHORA APARECIDA<\/p>\n<h3 data-start=\"2170\" data-end=\"2220\">CINEMA BRASILEIRO NO PROJETO BARRA DO JACAR\u00c9<\/h3>\n<p data-start=\"2221\" data-end=\"2412\">Filme: Xingu<br data-start=\"2233\" data-end=\"2236\" \/>DIA 19 DE OUTUBRO \u2013 S\u00c1BADO- 19HS<br data-start=\"2268\" data-end=\"2271\" \/>LOCAL : EMPREENDIMENTO BARRA DO JACAR\u00c9<br data-start=\"2309\" data-end=\"2312\" \/>ENDERE\u00c7O : RUA BARRA DO JACARE, S\/N, MORRO GRANDE<br data-start=\"2361\" data-end=\"2364\" \/>RETIRADA DE CONVITES : NO LOCAL FALAR COM RUTE<\/p>\n<h3 data-start=\"2414\" data-end=\"2465\">CINEMA BRASILEIRO NA CIDADE DE EMBU DAS ARTES<\/h3>\n<p data-start=\"2466\" data-end=\"2827\">Filme: Xingu<br data-start=\"2478\" data-end=\"2481\" \/>DIA: 10 DE OUTUBRO \u2013 QUINTA FEIRA \u2013 19h:00<br data-start=\"2523\" data-end=\"2526\" \/>LOCAL: COL\u00c9GIO AUR\u00c9LIO<br data-start=\"2548\" data-end=\"2551\" \/>ENDERE\u00c7O: Rua Alexandre Kadunc, 238 \u2013 Bairro Tingidor \u2013 Embu das Artes\/SP \u2013 CEP 06803-045<br data-start=\"2640\" data-end=\"2643\" \/>PONTO DE REFER\u00caNCIA: Rodovia R\u00e9gis Bittencourt (BR 116) \u2013 Defronte a Passarela<br data-start=\"2721\" data-end=\"2724\" \/>RETIRADA DE CONVITES NA SECRETARIA FALAR COM: Ana Paula \/ Renata \/ Andr\u00e9a<br data-start=\"2797\" data-end=\"2800\" \/>EXIBI\u00c7\u00c3O DO FILME : Xingu<\/p>\n<h3 data-start=\"2829\" data-end=\"2866\">CINEMA BRASILEIRO NA JARDIM IVA<\/h3>\n<p data-start=\"2867\" data-end=\"3229\">Filme: Xingu<br data-start=\"2879\" data-end=\"2882\" \/>DIA 04 DE OUTUBRO \u2013 SEXTA FEIRA \u2013 19HS<br data-start=\"2920\" data-end=\"2923\" \/>LOCAL : EMEF ROQUETE PINTO<br data-start=\"2950\" data-end=\"2953\" \/>ENDERE\u00c7O :Rua Professor Alzira Oliveira Gilioli, 32 , Aricanduva, zona leste<br data-start=\"3029\" data-end=\"3032\" \/>RETIRADA DE CONVITES NOS SEGUINTES LOCAIS:<br data-start=\"3075\" data-end=\"3078\" \/>1 \u2013 NO PR\u00d3PRIO LOCAL NA SECRETARIA DA ESCOLA<br data-start=\"3122\" data-end=\"3125\" \/>2 \u2013 NA ASSOCIA\u00c7\u00c3O DOS MORADORES DA VILA RICA, RUA JO\u00c3O BATISTA LIMA, 47- V. RICA, FALAR COM BIA MORENO<\/p>\n<h3 data-start=\"3231\" data-end=\"3265\">CINEMA BRASILEIRO EM OSASCO<\/h3>\n<p data-start=\"3266\" data-end=\"3529\">Filme: \u00c0 Beira do Caminho<br data-start=\"3291\" data-end=\"3294\" \/>LOCAL : CASA DO VIOLEIRO DO BRASIL<br data-start=\"3328\" data-end=\"3331\" \/>DIA 21 DE SETEMBRO \u2013 S\u00c1BADO \u2013 19HS<br data-start=\"3366\" data-end=\"3369\" \/>ENDERE\u00c7O : Rua Libero Carnicelli, 459 \u2013 Jardim Ype, Osasco<br data-start=\"3427\" data-end=\"3430\" \/>RETIRADA DE CONVITES : NO LOCAL FALAR COM Antonio Cadeira (Presidente)<br data-start=\"3501\" data-end=\"3504\" \/>ESPA\u00c7O PARA 200 PESSOAS<\/p>\n<h3 data-start=\"3531\" data-end=\"3564\">CINEMA BRASILEIRO NA ABAESP<\/h3>\n<p data-start=\"3565\" data-end=\"3993\">Filme: \u00c0 Beira do Caminho<br data-start=\"3590\" data-end=\"3593\" \/>(ASSOCIA\u00c7\u00c3O DOS BANC\u00c1RIOS APOSENTADOS DO ESTADO DE S\u00c3O PAULO)<br data-start=\"3654\" data-end=\"3657\" \/>DIA 04 DE SETEMBRO \u2013 QUARTA FEIRA -14HS<br data-start=\"3696\" data-end=\"3699\" \/>LOCAL : NO ESPA\u00c7O DA ABAESP<br data-start=\"3726\" data-end=\"3729\" \/>ENDERE\u00c7O : RUA S\u00c3O BENTO, 365, 20\u00b0 ANDAR- CENTRO S\u00c3O PAULO (PR\u00d3XIMO METR\u00d4 S\u00c3O BENTO)<br data-start=\"3813\" data-end=\"3816\" \/>RETIRADA DE CONVITES NA SECRETARIA DA ABAESP AP\u00d3S 13H COM O DIRETOR DE PLANT\u00c3O<br data-start=\"3895\" data-end=\"3898\" \/>ESPA\u00c7O PARA 100 PESSOAS<br data-start=\"3921\" data-end=\"3924\" \/>FILME QUE IREMOS EXIBIR: \u00c0 BEIRA DO CAMINHO<br data-start=\"3967\" data-end=\"3970\" \/>CLASSIFICA\u00c7\u00c3O 12 ANOS<\/p>\n<h3 data-start=\"3995\" data-end=\"4038\">CINEMA BRASILEIRO NO JARDIM GUANHEMBU<\/h3>\n<p data-start=\"4039\" data-end=\"4420\">Filme: \u00c0 Beira do Caminho<br data-start=\"4064\" data-end=\"4067\" \/>DIA 31 DE AGOSTO- S\u00c1BADO \u2013 19HS<br data-start=\"4098\" data-end=\"4101\" \/>LOCAL: ESCOLA Est. Santo Dias (Jd. Guanhembu)<br data-start=\"4146\" data-end=\"4149\" \/>ENDERE\u00c7O: Rua Alfredo Cortez, 32, Jd. Guanhembu<br data-start=\"4196\" data-end=\"4199\" \/>PONTO DE REF\u00caRENCIA: Sesc Interlagos, Supermercado Navarro e Dep\u00f3sito Uni\u00e3o<br data-start=\"4274\" data-end=\"4277\" \/>RETIRADA DE CONVITES: NA SECRETARIA FALAR COM: Fl\u00e1vio Cachaseiro, Carolina e M\u00e1rcia Santos (coordenadores)<br data-start=\"4384\" data-end=\"4387\" \/>CLASSIFICA\u00c7\u00c3O DO FILME: 12 ANOS<\/p>\n<h3 data-start=\"167\" data-end=\"209\">CINEMA BRASILEIRO NA VILA LEOPOLDINA<\/h3>\n<p data-start=\"210\" data-end=\"471\">Filme: \u00c0 Beira do Caminho<br data-start=\"235\" data-end=\"238\" \/>DIA 16 DE AGOSTO- SEXTA FEIRA \u2013 19HS<br data-start=\"274\" data-end=\"277\" \/>LOCAL : SAL\u00c3O DA IGREJA NOSSA SENHORA DE LOURDES<br data-start=\"325\" data-end=\"328\" \/>ENDERE\u00c7O : RUA BRENTANO, 430, VILA HAMBURGUESA<br data-start=\"374\" data-end=\"377\" \/>RETIRADA DE CONVITES : NA SECRETARIA FALAR COM BERNADETE<br data-start=\"433\" data-end=\"436\" \/>LOCAL CAPACIDADE PARA 300 PESSOAS<\/p>\n<h3 data-start=\"473\" data-end=\"533\">CINEMA BRASILEIRO NA SEDE DO SINDICATO DOS BANC\u00c1RIO SP<\/h3>\n<p data-start=\"534\" data-end=\"886\">SESS\u00c3O ESPECIAL DO FILME : NA QUADRADA DAS \u00c1GUAS PERDIDAS<br data-start=\"591\" data-end=\"594\" \/>DIA 13 DE AGOSTO \u2013 TER\u00c7A FEIRA \u2013 19HS<br data-start=\"631\" data-end=\"634\" \/>LOCAL : AUDIT\u00d3RIO AMARELO \u2013 SINDICATO<br data-start=\"671\" data-end=\"674\" \/>ENDERE\u00c7O : RUA S\u00c3O BENTO, 413, CENTRO SP, PR\u00d3XIMO AO METR\u00d4 S\u00c3O BENTO<br data-start=\"742\" data-end=\"745\" \/>RESERVA DE CONVITES : NA SECRETARIA GERAL FALAR COM ARTEMIA \u2013 11 3188 5210<br data-start=\"819\" data-end=\"822\" \/>CLASSIFICA\u00c7\u00c3O DO FILME : LIVRE<br data-start=\"852\" data-end=\"855\" \/>LOCAL : CAPACIDADE 80 PESSOAS<\/p>\n<h3 data-start=\"888\" data-end=\"933\">CINEMA BRASILEIRO NO JARDIM SANTO ELIAS<\/h3>\n<p data-start=\"934\" data-end=\"1232\">Filme: \u00c0 Beira do Caminho<br data-start=\"959\" data-end=\"962\" \/>DIA 10 DE AGOSTO \u2013 S\u00c1BADO \u2013 19HS<br data-start=\"995\" data-end=\"998\" \/>LOCAL : NO SAL\u00c3O SOCIAL \u2013 CDC JARDIM SANTO ELIAS<br data-start=\"1046\" data-end=\"1049\" \/>ENDERE\u00c7O : RUA GENERAL LAURO CAVALCANTE DE FARIAS, 171 , Vila Magalot<br data-start=\"1119\" data-end=\"1122\" \/>PONTO DE REFER\u00caNCIA : PR\u00d3XIMO AO CDHU SANTO ELIAS<br data-start=\"1171\" data-end=\"1174\" \/>RETIRADA DE CONVITES \u2013 NO LOCAL \u2013 ESPA\u00c7O PARA 80 PESSOAS<\/p>\n<h3 data-start=\"1234\" data-end=\"1280\">CINEMA BRASILEIRO NO JARAGU\u00c1 AO AR LIVRE<\/h3>\n<p data-start=\"1281\" data-end=\"1558\">Filme: \u00c0 Beira do Caminho<br data-start=\"1306\" data-end=\"1309\" \/>DIA 27 DE JULHO \u2013 S\u00c1BADO \u2013 19HS<br data-start=\"1340\" data-end=\"1343\" \/>LOCAL : RESIDENCIAL COLINAS DA OESTE<br data-start=\"1379\" data-end=\"1382\" \/>ENDERE\u00c7O : RUA JERIMANDUBA, 1187<br data-start=\"1414\" data-end=\"1417\" \/>PONTO REFER\u00caNCIA : SUPER MERCADO KIBE<br data-start=\"1454\" data-end=\"1457\" \/>RETIRADA DE CONVITES : COM ONOFRE, NO APTO 33A<br data-start=\"1503\" data-end=\"1506\" \/>Caso chova a sess\u00e3o ser\u00e1 dentro Centro Comunit\u00e1rio<\/p>\n<h3 data-start=\"1560\" data-end=\"1593\">CINEMA BRASILEIRO NO GRAJA\u00da<\/h3>\n<p data-start=\"1594\" data-end=\"1896\">Filme: \u00c0 Beira do Caminho<br data-start=\"1619\" data-end=\"1622\" \/>DIA 13 DE JULHO \u2013 S\u00c1BADO \u00c1S 19HS<br data-start=\"1654\" data-end=\"1657\" \/>LOCAL : EMEF FREI DAMI\u00c3O<br data-start=\"1681\" data-end=\"1684\" \/>ENDERE\u00c7O: RUA DANIEL ALOMIA, 325, JARDIM SIPRAMAR<br data-start=\"1733\" data-end=\"1736\" \/>PONTO DE REFERENCIA: FINAL DO \u00d4NIBUS 6034- PARQUE RESIDENCIAL COCAIA \u2013 GRAJA\u00da<br data-start=\"1813\" data-end=\"1816\" \/>ESPA\u00c7O PARA 200 PESSOAS<br data-start=\"1839\" data-end=\"1842\" \/>RETIRADAS DE CONVITES FALAR COM VAL\u00c9RIA OU WANDERLEY<\/p>\n<h3 data-start=\"1898\" data-end=\"1929\">CINEMA BRASILEIRO AFUBESP<\/h3>\n<p data-start=\"1930\" data-end=\"2084\">Filme: \u00c0 Beira do Caminho<br data-start=\"1955\" data-end=\"1958\" \/>Data: Dia 05 de julho \u2013 Sexta-feira \u2013 \u00e0s 19h<br data-start=\"2003\" data-end=\"2006\" \/>Local: Audit\u00f3rio da AFUBESP<br data-start=\"2033\" data-end=\"2036\" \/>Endere\u00e7o: Rua Direita, 32 \u2013 2\u00ba andar-Centro-SP<\/p>\n<h3 data-start=\"2086\" data-end=\"2120\">CINEMA BRASILEIRO EM JANDIRA<\/h3>\n<p data-start=\"2121\" data-end=\"2257\">Filme: \u00c0 Beira do Caminho<br data-start=\"2146\" data-end=\"2149\" \/>Data: Dia 29 de junho \u2013 S\u00e1bado \u2013 \u00e0s 19h<br data-start=\"2189\" data-end=\"2192\" \/>Local: EMEB Edson Alves<br data-start=\"2215\" data-end=\"2218\" \/>Endere\u00e7o: Rua Urano, 01 \u2013 Jd Lindomar<\/p>\n<h3 data-start=\"2259\" data-end=\"2312\">CINEMA BRASILEIRO NA ZONA LESTE\/JARDIM BRASILIA<\/h3>\n<p data-start=\"2313\" data-end=\"2445\">Filme: VIPs<br data-start=\"2324\" data-end=\"2327\" \/>Data: Dia 25 de junho \u2013 Ter\u00e7a-Feira \u2013 \u00e0s 19 h<br data-start=\"2373\" data-end=\"2376\" \/>Local: Entidade Juntos<br data-start=\"2398\" data-end=\"2401\" \/>Endere\u00e7o: Rua Canfora, 90, Jardim Bras\u00edlia<\/p>\n<h3 data-start=\"2447\" data-end=\"2495\">CINEMA BRASILEIRO NA LAPA \u2013 TENDAL DA LAPA<\/h3>\n<p data-start=\"2496\" data-end=\"2630\">Filme: VIPs<br data-start=\"2507\" data-end=\"2510\" \/>Data: Dia 21 de junho \u2013 Sexta-Feira \u2013 \u00e0s 19 h<br data-start=\"2556\" data-end=\"2559\" \/>Local: Espa\u00e7o Cultural Tendal da Lapa<br data-start=\"2596\" data-end=\"2599\" \/>Endere\u00e7o: Rua Guaicurus, 1100<\/p>\n<h3 data-start=\"2632\" data-end=\"2665\">CINEMA BRASILEIRO EM OSASCO<\/h3>\n<p data-start=\"2666\" data-end=\"2829\">Filme: VIPs<br data-start=\"2677\" data-end=\"2680\" \/>Data: Dia 20 de junho \u2013 Quinta-Feira \u2013 \u00e0s 19 h<br data-start=\"2727\" data-end=\"2730\" \/>Local: Sindicato dos Banc\u00e1rios \u2013 Audit\u00f3rio da Regional Osasco<br data-start=\"2791\" data-end=\"2794\" \/>Endere\u00e7o: Rua Castelo Branco, 150<\/p>\n<h3 data-start=\"2831\" data-end=\"2867\">CINEMA BRASILEIRO NA VILA RICA<\/h3>\n<p data-start=\"2868\" data-end=\"3015\">Filme: VIPs<br data-start=\"2879\" data-end=\"2882\" \/>Data: Dia 14 de junho \u2013 Sexta-Feira \u2013 \u00e0s 19 h<br data-start=\"2928\" data-end=\"2931\" \/>Local: Associa\u00e7\u00e3o dos Moradores da Vila Rica<br data-start=\"2975\" data-end=\"2978\" \/>Endere\u00e7o: Rua Jo\u00e3o Batista Lima, 47<\/p>\n<h3 data-start=\"3017\" data-end=\"3050\">CINEMA BRASILEIRO NO JA\u00c7AN\u00c3<\/h3>\n<p data-start=\"3051\" data-end=\"3199\">Filme: VIPs<br data-start=\"3062\" data-end=\"3065\" \/>Data: Dia 08 de junho \u2013 S\u00e1bado \u2013 \u00e0s 19 h<br data-start=\"3106\" data-end=\"3109\" \/>Local: Sal\u00e3o de festa da Par\u00f3quia S\u00e3o Luiz Gonzaga<br data-start=\"3159\" data-end=\"3162\" \/>Endere\u00e7o: Rua Michel Ouchana, n\u00ba 50<\/p>\n<h3 data-start=\"3201\" data-end=\"3239\">CINEMA BRASILEIRO EM PARELHEIROS<\/h3>\n<p data-start=\"3240\" data-end=\"3410\">Filme: VIPs<br data-start=\"3251\" data-end=\"3254\" \/>Data: Dia 06 de junho \u2013 Quinta-Feira \u2013 \u00e0s 19 h<br data-start=\"3301\" data-end=\"3304\" \/>Local: C\u00c9U PARELHEIROS \u2013 PORT\u00c3O 1 , ESPA\u00c7O BEIJA FLOR<br data-start=\"3357\" data-end=\"3360\" \/>Endere\u00e7o: Rua Terezinha do Prado de Oliveira S\/N<\/p>\n<h3 data-start=\"3412\" data-end=\"3471\">CINEMA BRASILEIRO EM PINHEIROS \u2013 P\u00c7A BENEDITO CALIXTO<\/h3>\n<p data-start=\"3472\" data-end=\"3623\">Filme: Tropic\u00e1lia<br data-start=\"3489\" data-end=\"3492\" \/>Data: Dia 26 de maio \u2013 Domingo \u2013 \u00e0s 19 h<br data-start=\"3533\" data-end=\"3536\" \/>Local: Pra\u00e7a Benedito Calixto<br data-start=\"3565\" data-end=\"3568\" \/>Endere\u00e7o: Pra\u00e7a Benedito Calixto, 158\/162 \u2013 Pinheiros<\/p>\n<h3 data-start=\"3625\" data-end=\"3660\">CINEMA BRASILEIRO NO Vl S\u00d4NIA<\/h3>\n<p data-start=\"3661\" data-end=\"3837\">Exibi\u00e7\u00e3o do Filme: VIPs<br data-start=\"3684\" data-end=\"3687\" \/>DIA 24 de Maio \u2013 Sexta-feira \u2013 18h<br data-start=\"3721\" data-end=\"3724\" \/>LOCAL : Clube da 3\u00aa Idade<br data-start=\"3749\" data-end=\"3752\" \/>ENDERE\u00c7O: Rua Dias Vieira, 800<br data-start=\"3782\" data-end=\"3785\" \/>PONTO DE REFER\u00caNCIA: Travessa da Rua Gi\u00f3ia Martins<\/p>\n<h3 data-start=\"3839\" data-end=\"3880\">CINEMA BRASILEIRO NO CIDADE ADHEMAR<\/h3>\n<p data-start=\"3881\" data-end=\"4078\">Exibi\u00e7\u00e3o dos curtas do Selo CINEB do Cinema Brasileiro<br data-start=\"3935\" data-end=\"3938\" \/>Data: Dia 04 de maio \u2013 S\u00e1bado \u2013 \u00e0s 19 h<br data-start=\"3978\" data-end=\"3981\" \/>Local: Escola Estadual Assis Chateaubriand<br data-start=\"4023\" data-end=\"4026\" \/>Endere\u00e7o: Rua Armando Gonzaga, 150, Jardim Niter\u00f3i<\/p>\n<h3 data-start=\"4080\" data-end=\"4118\">CINEMA BRASILEIRO NO \u00c1GUA BRANCA<\/h3>\n<p data-start=\"4119\" data-end=\"4289\">Exibi\u00e7\u00e3o dos curtas do Selo CINEB do Cinema Brasileiro<br data-start=\"4173\" data-end=\"4176\" \/>Data: Dia 03 de maio \u2013 Sexta-feira \u2013 \u00e0s 19 h<br data-start=\"4221\" data-end=\"4224\" \/>Local: Instituto Rogacionista<br data-start=\"4253\" data-end=\"4256\" \/>Endere\u00e7o: Av. Santa Marina, 534<\/p>\n<h3 data-start=\"4291\" data-end=\"4324\">CINEMA BRASILEIRO NO GRAJA\u00da<\/h3>\n<p data-start=\"4325\" data-end=\"4450\">Exibi\u00e7\u00e3o dos curtas do Selo CINEB do Cinema Brasileiro<br data-start=\"4379\" data-end=\"4382\" \/>Data: 01 de maio \u2013 A partir das 14h<br data-start=\"4417\" data-end=\"4420\" \/>Local: Ato 1\u00ba de Maio da CUT<\/p>\n<h3 data-start=\"4452\" data-end=\"4503\">CINEMA BRASILEIRO NO LAPA \u2013 P\u00c7A AMADEU DECOME<\/h3>\n<p data-start=\"4504\" data-end=\"4666\">Exibi\u00e7\u00e3o dos curtas do Selo CINEB do Cinema Brasileiro<br data-start=\"4558\" data-end=\"4561\" \/>Data: Dia 28 de abril \u2013 Domingo \u2013 \u00e0s 19 h<br data-start=\"4603\" data-end=\"4606\" \/>Local: Pra\u00e7a Amadeu Decome<br data-start=\"4632\" data-end=\"4635\" \/>Endere\u00e7o: Rua Cerro Cor\u00e1, S\/N<\/p>\n<h3 data-start=\"4668\" data-end=\"4707\">CINEMA BRASILEIRO NO MORRO GRANDE<\/h3>\n<p data-start=\"4708\" data-end=\"4897\">Exibi\u00e7\u00e3o dos curtas do Selo CINEB do Cinema Brasileiro<br data-start=\"4762\" data-end=\"4765\" \/>Data: Dia 25 de abril \u2013 Quinta-feira \u2013 \u00e0s 19 h<br data-start=\"4811\" data-end=\"4814\" \/>Local: C.C.A Tijolinho \/ C.J. Morro Grande<br data-start=\"4856\" data-end=\"4859\" \/>Endere\u00e7o: Rua Afonso de Carvalho, 16<\/p>\n<h3 data-start=\"4899\" data-end=\"4937\">CINEMA BRASILEIRO NO PQ DO CARMO<\/h3>\n<p data-start=\"4938\" data-end=\"5164\">Exibi\u00e7\u00e3o dos curtas do Selo CINEB do Cinema Brasileiro<br data-start=\"4992\" data-end=\"4995\" \/>Data: Dia 23 de abril \u2013 Ter\u00e7a-feira \u2013 \u00e0s 19 h<br data-start=\"5041\" data-end=\"5044\" \/>Local: Sal\u00e3o da Par\u00f3quia Nossa Senhora da Paz<br data-start=\"5089\" data-end=\"5092\" \/>Endere\u00e7o: Av. Maria Lu\u00edza Americano, 1561 \u2013 Jd. Nossa Senhora do Carmo<\/p>\n<h3 data-start=\"5166\" data-end=\"5229\">CiNEMA BRASILEIRO NO SINDICATO DOS BANC\u00c1RIOS DE S\u00c3O PAULO<\/h3>\n<p data-start=\"5230\" data-end=\"5380\">Filme: Pr\u00e9-estreia HOJE<br data-start=\"5253\" data-end=\"5256\" \/>Data: Dia 18 de abril \u2013 \u00e0s 19h30<br data-start=\"5288\" data-end=\"5291\" \/>Local: Sede do Sind. Dos Banc\u00e1rios de S\u00e3o Paulo<br data-start=\"5338\" data-end=\"5341\" \/>Endere\u00e7o: Rua S\u00e3o Bento, 413 \u2013 Centro<\/p>\n<h1 data-start=\"163\" data-end=\"207\"><strong>PROJETO CINEB NAS UNIVERSIDADES<\/strong><\/h1>\n<h3 data-start=\"163\" data-end=\"207\"><\/h3>\n<h3 data-start=\"163\" data-end=\"207\">CINEMA BRASILEIRO NA UNIABC\/ANHANGUERA<\/h3>\n<p data-start=\"208\" data-end=\"327\">Exibi\u00e7\u00e3o do filme Qual\u00e9 o teu neg\u00f3cio?<br data-start=\"246\" data-end=\"249\" \/>Dia: 12 DE NOVEMBRO \u2013 TER\u00c7A-FEIRA \u2013 19H<br data-start=\"288\" data-end=\"291\" \/>LOCAL: Ateli\u00ea 1 (3 Andar, Bloco C)<\/p>\n<h3 data-start=\"329\" data-end=\"377\">CINEMA BRASILEIRO NA ANHANGUERA BRIGADEIRO<\/h3>\n<p data-start=\"378\" data-end=\"550\">Exibi\u00e7\u00e3o do filme Qual\u00e9 o teu neg\u00f3cio<br data-start=\"415\" data-end=\"418\" \/>DIA 07 DE NOVEMBRO \u2013 QUINTA-FEIRA- 19H30<br data-start=\"458\" data-end=\"461\" \/>LOCAL: Audit\u00f3rio Cacilda Becker<br data-start=\"492\" data-end=\"495\" \/>ENDERE\u00c7O: AV BRIGADEIRO LUIZ ANTONIO, 871- BELA VISTA<\/p>\n<h3 data-start=\"552\" data-end=\"567\">USP LESTE<\/h3>\n<p data-start=\"568\" data-end=\"747\">Filme: Eu Receberia as Piores Not\u00edcias dos seus Lindos L\u00e1bios<br data-start=\"629\" data-end=\"632\" \/>Data: Dia 07 de junho \u2013 Sexta-feira \u2013 \u00e0s 19h<br data-start=\"677\" data-end=\"680\" \/>Endere\u00e7o: R. Arlindo B\u00e9ttio, 1000, Ermelino Matarazzo \u2013 S\u00e3o Paulo<\/p>\n<h3 data-start=\"749\" data-end=\"760\">UNESP<\/h3>\n<p data-start=\"761\" data-end=\"938\">Filme: Eu Receberia as Piores Not\u00edcias dos seus Lindos L\u00e1bios<br data-start=\"822\" data-end=\"825\" \/>Data: Dia 27 de maio \u2013 Domingo \u2013 \u00e0s 15h<br data-start=\"865\" data-end=\"868\" \/>Endere\u00e7o: R. Dr. Bento Teobaldo Ferraz, 271 \u2013 Barra Funda S\u00e3o Paulo<\/p>\n<h3 data-start=\"940\" data-end=\"949\">USP<\/h3>\n<p data-start=\"950\" data-end=\"1126\">Filme: Eu Receberia as Piores Not\u00edcias dos seus Lindos L\u00e1bios<br data-start=\"1011\" data-end=\"1014\" \/>Data: Dia 21 de maio \u2013 Segunda-feira \u2013 \u00e0s 19h<br data-start=\"1060\" data-end=\"1063\" \/>Endere\u00e7o: Rua Do Anfiteatro, 181 \u2013 Colm\u00e9ia, Favo 04 \u2013 Butant\u00e3<\/p>\n<h3 data-start=\"1128\" data-end=\"1147\">FATEC BARUERI<\/h3>\n<p data-start=\"1148\" data-end=\"1325\">Filme: Eu Receberia as Piores Not\u00edcias dos seus Lindos L\u00e1bios<br data-start=\"1209\" data-end=\"1212\" \/>Data: Dia 13 de maio \u2013 Domingo \u2013 \u00e0s 9h40m e 14h30m<br data-start=\"1263\" data-end=\"1266\" \/>Endere\u00e7o: Rua Carlos Caprioti, 123, novo centro comercial<\/p>\n","protected":false},"excerpt":{"rendered":"<p>CINEMA BRASILEIRO NO CIDADE ADHEMAR Exibi\u00e7\u00e3o do Filme: Pequenas Hist\u00f3riasDATA: 30 DE NOVEMBRO \u2013 S\u00c1BADO-19:30HSLOCAL: Escola Estadual Assis ChateaubriandENDERE\u00c7O: Rua[&#8230;]<\/p>\n","protected":false},"author":2,"featured_media":0,"parent":0,"menu_order":0,"comment_status":"open","ping_status":"open","template":"","meta":[],"_links":{"self":[{"href":"https:\/\/projetocineb.com.br\/index.php?rest_route=\/wp\/v2\/pages\/5389"}],"collection":[{"href":"https:\/\/projetocineb.com.br\/index.php?rest_route=\/wp\/v2\/pages"}],"about":[{"href":"https:\/\/projetocineb.com.br\/index.php?rest_route=\/wp\/v2\/types\/page"}],"author":[{"embeddable":true,"href":"https:\/\/projetocineb.com.br\/index.php?rest_route=\/wp\/v2\/users\/2"}],"replies":[{"embeddable":true,"href":"https:\/\/projetocineb.com.br\/index.php?rest_route=%2Fwp%2Fv2%2Fcomments&post=5389"}],"version-history":[{"count":2,"href":"https:\/\/projetocineb.com.br\/index.php?rest_route=\/wp\/v2\/pages\/5389\/revisions"}],"predecessor-version":[{"id":28774,"href":"https:\/\/projetocineb.com.br\/index.php?rest_route=\/wp\/v2\/pages\/5389\/revisions\/28774"}],"wp:attachment":[{"href":"https:\/\/projetocineb.com.br\/index.php?rest_route=%2Fwp%2Fv2%2Fmedia&parent=5389"}],"curies":[{"name":"wp","href":"https:\/\/api.w.org\/{rel}","templated":true}]}}